uppose 3*v - 3 - j = 0. List the prime factors of v.
17
Suppose q + q - 80 = 0. Suppose -40 = -4*k + q. Suppose 3*l - k - 16 = 0. List the prime factors of l.
2, 3
Let h = 38 - 11. What are the prime factors of h?
3
Let i(y) = -4*y + 3. Let s be i(12). Let b = s + 93. List the prime factors of b.
2, 3
Let r(h) = h**2 - 3*h + 1. Let a be r(3). Suppose 0 = z - 5 + a. List the prime factors of 4 - ((z - 2) + 0).
2
Suppose -174 = -4*p - 3*c, -5*p - 81 + 304 = c. Let s = p + -6. What are the prime factors of s?
3, 13
Suppose 3*x = 1 + 5. Suppose -47 = -x*u - 11. What are the prime factors of u?
2, 3
Let d(b) = -b**2 - 2*b + 21. List the prime factors of d(0).
3, 7
Suppose 6*v - 140 = 4*v. What are the prime factors of v?
2, 5, 7
Let o(p) = -p + 1. Let u(a) = a**2 + 10*a - 1. Let c(k) = -2*o(k) - u(k). List the prime factors of c(-6).
11
Let k = 126 - 15. List the prime factors of k.
3, 37
Suppose -4*t = 3*x - 39, -3*t + 0 + 9 = 0. Let p = -3 + x. Suppose -15 = -3*u + y - p, y - 7 = -5*u. What are the prime factors of u?
2
Let w(r) = 9*r**2 - 2*r + 1. Let u be w(1). Let n(j) = u - 11*j + j**3 + 3 + 8*j**2 + 2*j. List the prime factors of n(-9).
11
Let t = -112 + 171. List the prime factors of t.
59
Suppose -d + 0*w + 6 = w, 5*d - 51 = 2*w. Let r be (21/14)/((-6)/(-8)). Suppose r*f - 3 = d. What are the prime factors of f?
2, 3
Suppose -2*c + 1 + 3 = 0, 3*c - 18 = -3*s. Suppose -2*j + s*j = 72. List the prime factors of j.
2, 3
Let k(v) = 4*v**2 - v. Let s be k(1). Suppose -s*m - 1 = -2*d - 18, d - 5*m = 2. List the prime factors of d*2*(-4)/8.
13
Suppose 3*b - 2*b - 36 = -4*q, -5*b = -2*q - 70. Suppose 5*r = -3*p - 2*p - 10, -13 = -r - 4*p. Let k = r + b. List the prime factors of k.
3
Let s = 4 + -2. Let m = -5 - s. Let x(y) = -y**2 - 8*y + 4. What are the prime factors of x(m)?
11
Let z(j) = j**2 - 4*j + 6. Let g be -1 + 10 - (-5 + 8). What are the prime factors of z(g)?
2, 3
Let q(v) = -v + 23. List the prime factors of q(0).
23
Suppose 0*d - 26 = 2*d. Let y = d + 22. List the prime factors of y.
3
Let i be (-399)/(-35) + 3/5. Suppose -h + 12 = 5*r, 3*h + 2*r - i = -r. List the prime factors of h.
2
Let b = 13 - 6. Suppose b = -4*h + d, 3*h - 8 = -h - 4*d. Let p = 11 - h. What are the prime factors of p?
2, 3
Let z(g) be the second derivative of 0 + 1/3*g**3 - 2/3*g**4 + 2*g + 1/20*g**5 - 6*g**2. What are the prime factors of z(8)?
2
Suppose -17 = 5*k + 8. Let u = 9 - 1. Let d = u + k. List the prime factors of d.
3
Let f(o) = o + 15. List the prime factors of f(-7).
2
Let n be (-12)/(-3) + -1 + 1. Suppose n*m - 5*m + 14 = 0. Suppose 0 = s + s - m. List the prime factors of s.
7
Let r(a) = 18*a**2 - 3*a + 1. Let z be r(-3). Suppose 0 = -4*j - 0*j + z. List the prime factors of j.
43
Let y(d) = -d - 1. Let v(t) = -14*t - 12. Let u(b) = -v(b) + 12*y(b). Let r be u(-1). What are the prime factors of ((-3)/2 - r)*6?
3
Suppose 4 = g + 11. Let f = g - -9. List the prime factors of f.
2
Suppose 3*v + 17 = -0*r + 2*r, -2*r = -2*v - 18. List the prime factors of ((-2)/(-5))/(1/r).
2
Let s(x) = -x**2 + 3*x + 36. Let r(w) = 6*w**2 - 16*w - 180. Let o(p) = 2*r(p) + 11*s(p). What are the prime factors of o(0)?
2, 3
Let t = -1 + -6. Suppose -5*u + 31 + 24 = 0. Let s = u + t. List the prime factors of s.
2
Suppose 12 = 4*w - t, 3*w + 3*t = -4 - 2. Suppose -14 = 2*i - 0*i - w*c, 2*i = -3*c + 11. What are the prime factors of 1 + i + 6 + 0?
5
Let y = 1469 + -969. List the prime factors of (y/30)/(4/6).
5
Suppose -b + z + 22 = 0, 0*b + 2*z - 82 = -5*b. List the prime factors of b.
2, 3
Let x(t) = 4*t - 7. Let a be x(6). Suppose -l + a = -0*l. What are the prime factors of l?
17
Suppose 2*l = -2 - 2. Let g be 1 - 0/(-2) - l. Suppose -10 = -5*o - 5*x, -g + 5 = o + 4*x. What are the prime factors of o?
2
Let f be 1 + 0/(5 + -2). Let d be f/6 + 477/54. Suppose d*v - 40 = 4*v. List the prime factors of v.
2
Let m be 109/((-3)/24*-4). Suppose 5*r - m = 4*i, 4*r = 2*r + i + 86. What are the prime factors of r?
2, 3, 7
Suppose -2*b + 109 - 24 = -5*k, -5*k + 5 = b. Suppose l - b = 4*l. Let a = 18 + l. List the prime factors of a.
2
Let j(u) = 35*u**2 + u - 4. List the prime factors of j(-2).
2, 67
Suppose g = -4, 0 + 8 = -3*f + g. Let b = f - -7. List the prime factors of b/(-15) - 22/(-10).
2
Suppose -o - 2*o + 6 = 0. Let c(a) = 3*a - 1 + 5*a - 2. What are the prime factors of c(o)?
13
Suppose -3*n + 80 = 47. What are the prime factors of n?
11
List the prime factors of (-24)/30*(-250)/4.
2, 5
Let m(v) = -7*v + 3. Let y be m(3). Let t be (-16)/(-9) - 4/y. Let f = 4 - t. What are the prime factors of f?
2
What are the prime factors of (-1172)/(-20) + (-2)/(-5) - 1?
2, 29
Suppose 0 = -0*f + f - 1. Suppose -2*k = -f - 7. What are the prime factors of k?
2
Suppose 62 = 8*d - 1410. List the prime factors of d.
2, 23
Let f be (-20 + 0/(-1))/(-1). Let x = f + -8. List the prime factors of x.
2, 3
Let g(q) = q - 1. Let b be g(-7). Let l(a) = -10*a**2 - a + 2*a**2 - 4*a**3 + 0*a**2 - 2 + 3*a**3. What are the prime factors of l(b)?
2, 3
Suppose -2 = 3*m - 17. Suppose 0*q - 5 = m*q. Let z = 5 + q. What are the prime factors of z?
2
Suppose 0 = -3*l - 2*l + 15. Suppose z - 18 = 3*x, -34 = l*z - 4*x - 108. List the prime factors of z.
2, 3, 5
Suppose -2*u = 3*u. Suppose u = -5*b - 2 + 22. List the prime factors of b.
2
Suppose -10 = -4*d + 2. Suppose -11 + 3 = 4*m. Let o = d - m. What are the prime factors of o?
5
Suppose 2*o = 4*o - 2*j + 4, -3*j + 10 = -o. Let u = -3 + 10. Suppose -u*a = -o*a - 45. What are the prime factors of a?
3
Suppose s = 22 - 2. Let m = s + -43. Let o = m + 33. What are the prime factors of o?
2, 5
Let f = -5 + 3. Let k = 12 - f. What are the prime factors of k?
2, 7
Let s = 192 - 76. List the prime factors of s.
2, 29
Let t(g) = -g**3 - g**2 - 2*g - 3. Let n be t(-2). Suppose -5*b = -4*q - 152, n*b = 3*b - q + 66. What are the prime factors of b?
2
Suppose -4*z + 8 = 0, -5*z = -5*t + 2*t + 62. What are the prime factors of t?
2, 3
Let n be -4*(2 - 33/12). Suppose n*x - 7 = 2*x. Suppose -13 = -5*b + 2*b - 2*h, 0 = -b - 2*h + x. List the prime factors of b.
3
Let s(w) = 139*w - 8. List the prime factors of s(1).
131
Let w be -1*(-1 - (-3 + 2)). Suppose w = 3*v - 7*v + 104. List the prime factors of v.
2, 13
Let h = 235 - 128. List the prime factors of h.
107
Suppose 54 = 4*g - 126. Let y = 74 - g. List the prime factors of y.
29
Suppose -4*f + 140 = -3*a + 2*a, 0 = -2*f - 2*a + 70. List the prime factors of f.
5, 7
Let m be (-3)/9 + (-614)/(-6). Let z be (4/(-6))/((-2)/m). Suppose z = 5*p + 9. What are the prime factors of p?
5
Let g = 11 - 14. Let v(z) = -16*z - 1. List the prime factors of v(g).
47
Let q(d) = -d**2 + 6*d + 4. Let f(x) = -2*x + 2. Suppose -h - 12 = -4*z + 3*h, 0 = 4*z + 5*h + 33. Let w be f(z). List the prime factors of q(w).
2
Let o be -33*(4/6)/(-2). Let b(p) = p**2 - 10*p - 9. What are the prime factors of b(o)?
2
Suppose 5*w - 113 = 17. Suppose w + 1 = -3*l. Let x = 20 + l. List the prime factors of x.
11
Let y = -142 + 451. What are the prime factors of y?
3, 103
Let f = 13 - 3. Suppose -3 = d + f. Let o = -8 - d. What are the prime factors of o?
5
Let p(t) = 2*t**2 - 2*t + 6. Let z(x) = 2*x**2 - 3*x + 6. Let h(s) = -4*p(s) + 5*z(s). What are the prime factors of h(5)?
3, 7
Suppose 2*j - 48 = y, j - 3*y - 36 = -7. List the prime factors of j.
23
Let q = 46 + -35. List the prime factors of q.
11
Let u be ((-8)/(-6))/(4/6). Suppose u*y = -3*y. Suppose y = -0*p - p + 21. What are the prime factors of p?
3, 7
Let a be (-250)/65 + (-2)/13. Let n = 13 + a. List the prime factors of n.
3
Suppose 5*y - 4*c - 245 = c, y = 2*c + 46. Let k = -34 + y. List the prime factors of k.
2, 3
Let k be 30/35*(16 + -2). Let s = k - 1. What are the prime factors of s?
11
Let z = -319 + 485. List the prime factors of z.
2, 83
Suppose -3 + 1 = -d. Suppose 3*u - 7 = m, 2*u - 20 = -d*u. List the prime factors of m.
2
Let f = 22 - 20. Suppose 2*z + f = 82. List the prime factors of z.
2, 5
Suppose -4*y + 13 = 1. Suppose -y*i = 9 - 3. List the prime factors of 21/1*i/(-3).
2, 7
Let z = 84 - 45. What are the prime factors of z?
3, 13
Suppose 0*o = -4*o - 16, -2*h = 2*o. Suppose -3*t + 63 = -h*p + 21, 5*t - 81 = 3*p. Let z = t - 5. List the prime factors of z.
13